**2 + 6*z**2 + 7*z + 7*z**2. Let b be (1 + 92/(-12))*3. Let a = 13 + b. What is m(a)?
-4
Let u = -10337 + 10296. Let c(r) = r**3 + 41*r**2 + r + 38. Calculate c(u).
-3
Let s(x) = 23*x**2 - x + 10. Let j(p) = 32*p**2 - p + 15. Let h(t) = 5*j(t) - 7*s(t). Determine h(0).
5
Let h(a) = 2*a**2 + 7*a + 13. Let x(y) = 51*y + 505. Let i be x(-10). Calculate h(i).
28
Let y(q) = -3*q**2 + 8*q - 10. Let n = 2056 - 2054. Give y(n).
-6
Suppose 2*d - 2*h = 32 - 16, -7*d - h + 32 = 0. Let v(r) = -r**3 + 3*r**2 + 25*r - 67. Determine v(d).
8
Let h(n) = 2*n - 12. Let x(c) = -115*c + 698. Let a be x(6). Give h(a).
4
Let m(a) = 38*a - 4. Let y be m(2). Suppose 74 = j + y. Let s(i) = 6*i**2 - 5 + 4 - 2*i**2 + j*i**2. Calculate s(-2).
23
Let r = -3538 + 3504. Let g(w) = w**3 + 34*w**2 + w + 33. What is g(r)?
-1
Suppose 0 = 3*a - 415 - 269. Let c = 225 - a. Let j(i) = -i**2 - 4*i + 1. Give j(c).
4
Let q(m) be the second derivative of -m**3/6 + 11*m**2/2 - 802*m. Give q(-8).
19
Let x(h) = -2*h + 43. Let r be x(9). Suppose -198 = 4*d + 2*d. Let k = d + r. Let g(v) = 2*v. What is g(k)?
-16
Let i = 140 + -140. Let z(h) = 5*h**2 - 6 - 5*h + 0*h**2 - 6*h**2 + i*h**2. Give z(-8).
-30
Let x(u) = -19*u. Let k(l) = 5*l**2 - 131*l + 152. Let n be k(25). Calculate x(n).
-38
Let h be (-12)/(7/((-14)/(-3))). Let b be 62/8 - h/32. Suppose -b*k = -30 - 10. Let p(o) = -o**3 + 6*o**2 - o - 1. Determine p(k).
19
Let z be -11 + (-10)/((-110)/143). Let u be -1*(1 - 0) - -5. Suppose 7*w - 4*b + 17 = 4*w, 5*b = -z*w + u. Let s(a) = a**2 + 3. Determine s(w).
12
Let n = 9 + -3. Let l(m) = 7*m - 33. Let p be l(5). Let i(u) = 1 - 10*u**p + 6*u**2 - u**3 + 5*u + 9*u**2 + 3. Give i(n).
-2
Let x(i) = -i**3 - 5*i**2 + 14*i + 7. Suppose 0 = -119*p - 582 - 157 - 94. Determine x(p).
7
Let b(v) = -571637*v**2 + v + 571636*v**2 - 5*v - 11. Determine b(6).
-71
Let x(r) = 7*r**3 - 44*r**2 + 95*r + 40. Let p(z) = 27*z**3 - 177*z**2 + 380*z + 161. Let c(h) = 6*p(h) - 23*x(h). Calculate c(48).
-2
Let c(f) = f**3 - 9*f**2 - 4*f - 22. Let g be (2 - 4)*((-6 - -1) + 0). What is c(g)?
38
Suppose 584 - 152 = 6*l. Suppose 2*q = 74 - l. Let p(w) = 4*w - 10*w + 7*w + q. Calculate p(-6).
-5
Let t(s) = -517*s + 2229 + 518*s - 2184. What is t(4)?
49
Let u(r) = 8*r + 48. Let x(g) = -24*g - 145. Let n(z) = -7*u(z) - 2*x(z). Let y be n(-5). Let f(d) = d + 1. Give f(y).
-5
Suppose -4*m + 5637 = 5621. Let h(a) = 4*a**2 - 11*a - 1. Let o(d) = d**2 - d - 1. Let c(u) = h(u) - 3*o(u). What is c(m)?
-14
Let r(h) = 1 - 3 + 1. Let y(z) = 37*z + 0*z - 35*z + 6. Let d(g) = 6*r(g) + y(g). Give d(-3).
-6
Let d(w) = 487 - 3*w - 249 - 247. What is d(18)?
-63
Suppose 2*k + 273 - 283 = 0. Let x(o) = o - 13. Calculate x(k).
-8
Let z be (9 + -1)/(16/4). Let l(m) = 11*m - 29. What is l(z)?
-7
Let t(z) = 2*z**2 + 6*z + 11. Let p(w) = 2*w**2 + 6*w + 9. Let r(f) = 6*p(f) - 5*t(f). Let j(l) = -l**2 - 4*l + 1. Let c(m) = -4*j(m) - 3*r(m). What is c(2)?
-13
Let z(n) = 30. Let k(o) = 16*o - 224. Let m(p) = k(p) + 6*z(p). What is m(3)?
4
Let a(t) = 28*t**2 + 3*t + 14. Let i(f) = 190*f**2 + 19*f + 97. Let r(x) = 27*a(x) - 4*i(x). Calculate r(2).
-16
Let o(z) be the third derivative of z**5/60 - z**4/3 + 2*z**3/3 - 242*z**2. Give o(8).
4
Let l(k) be the first derivative of -k**2/2 - 9*k + 98. Let u = 36 + -31. Suppose -32 + 67 = u*b. Calculate l(b).
-16
Let z(x) = -5*x**3 - 10*x**2 - 6*x - 4. Let h = -11 + 19. Suppose 15 = h*v + 55. Let w(s) = 4*s**3 + 9*s**2 + 5*s + 4. Let n(f) = v*z(f) - 6*w(f). Give n(4).
-4
Let n(l) = 2*l**2 + 40*l + 177. Let g be n(-8). Let m(k) = -k**2 - 21*k - 92. Calculate m(g).
-2
Suppose 10*u - 165 = 155. Suppose -u*g + 10 = -31*g. Suppose -g*n = -7*n - 24. Let z(a) = -a**3 + 7*a**2 + 9*a + 11. Determine z(n).
19
Let b(g) = 65 + 13*g + 93*g**2 - 46*g**2 - 74 - 45*g**2 - g**3. What is b(6)?
-75
Suppose -p - 17 = 5*m, 4*p = -5*m + 1 - 39. Let o(h) = 2*h**3 + 3*h**2 + 4*h + 3. Calculate o(m).
-9
Let g(l) = -l - 4. Suppose 0 = 11*i - 226 - 126. Let r(v) = 36*v + 12 + i*v - 62*v. Let w be r(-4). Calculate g(w).
8
Let f = 262 - 253. Let a(v) = f*v - 12*v + 5 + 0*v. Calculate a(5).
-10
Suppose 5*i = 19 - 4. Let h be 248/120 + (1 - (-16)/(-15)). Suppose 0*p = -h*u - i*p + 21, -4*u = 3*p - 27. Let z(w) = -w**3 + 2*w**2 + w + 2. Calculate z(u).
-4
Suppose 0 = -9*y - 1259 + 1331. Let o(x) = 6*x + 10. Give o(y).
58
Let i(v) = -3*v - 2. Suppose 3*z + 46 = -p, -11*z + 5*p = -8*z + 4. Determine i(z).
37
Let z = -14 - -25. Let l(m) = 539*m. Let q(j) = 3233*j + 8. Let o(b) = 6*l(b) - q(b). Calculate o(z).
3
Let h(z) = -z**3 + 7*z**2 - 3*z + 15. Let l(p) = 6735 - 14*p - 6680 - 3*p**2 + 4*p**2. Let j be l(8). What is h(j)?
-6
Suppose 9*q - 490 = 2*q. Let i(z) = q*z**2 + 2*z - 5 - 69*z**2 - 2*z. Give i(6).
31
Let g(s) be the third derivative of s**4/6 - 7*s**3/3 - 257*s**2. What is g(6)?
10
Let a(i) = -i**2 - i - 1. Let f(n) = -126*n**2 - 5*n - 4. Let w(c) = -5*a(c) + f(c). Calculate w(1).
-120
Let q(l) = -3*l**3 + 2*l**2 + 7*l + 3. Let x(m) = 2*m**3 - 3*m**2 - 6*m - 2. Let f(a) = 3*q(a) + 4*x(a). Suppose 156*k + 154*k = 330*k + 100. Give f(k).
-9
Suppose 45 = -5*v - j, 5*j + 13 = -3*v - 14. Let t(g) = 6*g + 116 - 45 - 38 + g**2 - 36. Give t(v).
24
Let g(r) = r**2 + 4*r + 1. Let f(p) = 2*p**2 + 39*p + 137. Let h be f(-15). Let c = -2 + 5. Suppose 0 = c*y + 16 + h. Calculate g(y).
13
Let x = 440 + -437. Let o(h) = -233 - 245 + 519 + x*h. Determine o(-14).
-1
Let g(h) = 277*h - 826. Let d be g(3). Let z(q) = 8*q**2 + 43*q - 18. Let m(u) = 3*u**2 + 15*u - 6. Let o(y) = 11*m(y) - 4*z(y). Determine o(d).
-4
Let v = 1079 - 1893. Let w = v + 820. Let g(h) = -2*h**2 + 8*h + 5. What is g(w)?
-19
Let l(b) = b**3 + 10*b**2 - 7. Suppose 18*k - 696 = -4440. Let o = 198 + k. Determine l(o).
-7
Let f = 8520 - 8517. Let y(c) = 15*c - 41. Determine y(f).
4
Let c = 547 - 530. Let i(h) = 9*h - 152. What is i(c)?
1
Let t(c) be the first derivative of -c**3/3 + c**2/2 + 5*c + 10. Let x(q) = -3*q**3 - 148*q**2 + 102*q + 100. Let a be x(-50). Calculate t(a).
5
Suppose 0 = 4*b - 2*l, b - 5*l = -4*l. Suppose 3*m = m + 16. Let w(s) = -m + 1 + 3*s + 6*s**2 - 2*s - 5*s**2. What is w(b)?
-7
Let j be ((-2940)/252)/(3/9). Let h(a) = -2*a**2 - 70*a + 7. Calculate h(j).
7
Let y(q) = -q**3 + 9*q**2 + 11*q + 4. Let v(o) = 8*o - 500. Let a be v(-14). Let f = -602 - a. Determine y(f).
14
Suppose 31*b - 26*b = 10. Let d(n) = -3 + 2*n**2 + n + 4*n - n**3 - 2*n - 5*n**b. Calculate d(-4).
1
Let r(v) = 16*v + 509. Let l be 34/136 - (-387)/(-12). Determine r(l).
-3
Let k(l) = -l**2 - 5*l + 5. Let d(j) = -j**2 + 32*j - 26. Let t be d(31). Let q = 27 - 9. Suppose -t*a = -8*a - q. Determine k(a).
-1
Let a(l) = 12*l - 61. Suppose k + 1250 = -4*h + 1240, 40 = 5*k + 2*h. Determine a(k).
59
Let t(r) = 200 - 84 - 109 - r. Let o be 756/20 - 1/(-5). Suppose -4*z = 10 - o. Give t(z).
0
Let j(h) be the first derivative of -h**7/840 + h**6/90 - h**5/24 - h**4/12 - 54*h**3 + 79. Let o(k) be the third derivative of j(k). Determine o(4).
-22
Let i(o) = -3*o**3 - 2*o**2 + 9*o - 10. Let a be i(-6). Let r be ((-1)/4)/((-32)/a). Let c(w) = -242 - 2*w + r*w + 252. Give c(-8).
-6
Let v(n) be the second derivative of n**4/6 + 16*n**3/3 + 17*n**2 - 28*n - 23. What is v(-14)?
-22
Let x(v) = 267*v + 19. Let u(g) = 736*g + 58. Let h(l) = 4*u(l) - 11*x(l). What is h(-4)?
-5
Let q(d) = -5931*d - d**2 + 2961*d + 13 + 2965*d. What is q(-6)?
7
Suppose -4*a + 3*a = -2*g - 28, 0 = -2*g + 5*a - 20. Let o be -2*3*(0 - (-25)/g). Let t(k) = -10 - 3*k - k**2 + 18 - o. Calculate t(-5).
-12
Let k(r) = -5*r + 197. Let f(z) = -4*z + 138. Let c(g) = 4*f(g) - 3*k(g). Calculate c(-32).
-7
Let m = 111 - 106. Let d(z) = 6 - z**3 - 13*z + 10*z + z + m*z**2. Let v = 7 + -2. Calculate d(v).
-4
Let y(s) = -7 + 697*s - 359*s - 358*s. Calculate y(-4).
73
Suppose -m + 4*u = 57, -m - 10*u - 36 = -7*u. Let r be m/12 - 27/(-36). Let c(l) = -2*l**2 + 4*l + 2. Give c(r).
-28
Let s(g) = -2*g - 10. Let a(r) = 46*r + 167. Let l be a(-10). Let c = 281 + l. What is s(c)?
14
Let j(d) be the first derivative of -10*d - 105 + 3*d**2 + 1/3*d**3. Calculate j(-10).
30
Let y(c) = c**2 - 1. Let q be y(-2). Suppose 3*d = -4*l + 14 + 8, q*d - 2*l - 52 = 0. Let o(u) = -4 - 21*u**3 + 4*u - 5*u**2 + 34*u**3 - d*u**3. Give o(-6).
8
Let p(f) = -4 - 3*f + 44*